9.
17
Calculate the highest common factor of 29440 and 17365.
115
What is the highest common divisor of 3826980 and 380?
380
What is the greatest common divisor of 103664 and 5301?
589
Calculate the highest common factor of 5425 and 1225.
175
What is the greatest common factor of 36 and 3600?
36
Calculate the highest common divisor of 165 and 284295.
165
Calculate the highest common factor of 366 and 96807.
183
What is the greatest common factor of 16944 and 672?
48
What is the highest common factor of 7003 and 24205?
47
What is the greatest common divisor of 129636 and 286?
26
What is the greatest common factor of 201 and 10548?
3
Calculate the highest common factor of 3894 and 13200.
66
What is the greatest common factor of 118 and 92453?
59
Calculate the greatest common factor of 120 and 146820.
60
Calculate the greatest common divisor of 49 and 586579.
49
What is the highest common factor of 1915355 and 3555?
395
What is the highest common divisor of 1099 and 2471?
7
Calculate the highest common factor of 112 and 20528.
16
What is the greatest common divisor of 1625 and 420250?
125
Calculate the greatest common factor of 44 and 313676.
44
Calculate the greatest common divisor of 170 and 243610.
170
Calculate the greatest common divisor of 251 and 272586.
251
What is the greatest common factor of 1035 and 605?
5
Calculate the highest common factor of 84 and 52941.
21
What is the highest common factor of 1218 and 23316?
174
What is the greatest common divisor of 1261 and 2743?
13
Calculate the highest common divisor of 444 and 77145.
111
What is the highest common factor of 2914 and 488374?
62
Calculate the highest common factor of 75 and 16485.
15
Calculate the greatest common factor of 7 and 262010.
7
What is the highest common factor of 3772 and 1312?
164
What is the greatest common divisor of 327 and 5251947?
327
What is the greatest common factor of 25979 and 913?
83
Calculate the greatest common divisor of 24 and 149748.
12
What is the highest common factor of 314 and 22?
2
Calculate the highest common divisor of 32477 and 119543.
691
Calculate the greatest common factor of 31777 and 215.
43
Calculate the greatest common factor of 7384 and 8804.
284
What is the greatest common factor of 93530 and 5?
5
Calculate the greatest common divisor of 320 and 940.
20
What is the highest common divisor of 168 and 10944?
24
What is the greatest common factor of 1864 and 392?
8
What is the highest common factor of 17 and 8891?
17
Calculate the highest common factor of 71 and 29039.
71
Calculate the greatest common divisor of 43 and 2537.
43
Calculate the greatest common divisor of 278812 and 688.
172
What is the highest common divisor of 112560 and 75?
15
What is the highest common factor of 921 and 25481?
307
What is the highest common divisor of 64755 and 45?
45
What is the highest common divisor of 831 and 384?
3
Calculate the greatest common divisor of 8704 and 176.
16
What is the greatest common factor of 13520 and 2544?
16
Calculate the highest common divisor of 4368 and 15184.
208
What is the highest common factor of 700 and 22900?
100
Calculate the greatest common divisor of 10456 and 120.
8
Calculate the greatest common factor of 150 and 12420.
30
Calculate the greatest common divisor of 19187 and 14.
7
Calculate the highest common divisor of 106 and 2456.
2
What is the greatest common divisor of 2193 and 2295?
51
Calculate the greatest common factor of 64305 and 35.
5
Calculate the highest common factor of 5919 and 9.
3
Calculate the greatest common divisor of 565 and 7586820.
565
Calculate the highest common divisor of 3987773 and 159.
53
Calculate the greatest common factor of 24186 and 609.
87
What is the greatest common factor of 51448 and 649?
59
Calculate the highest common divisor of 2272 and 92336.
16
Calculate the highest common factor of 37401 and 37674.
273
Calculate the highest common factor of 2184 and 15912.
312
What is the highest common divisor of 80 and 889160?
40
What is the highest common divisor of 959 and 45895?
137
Calculate the highest common factor of 11170 and 45.
5
Calculate the highest common divisor of 43023 and 3.
3
Calculate the highest common divisor of 54820 and 200.
20
What is the highest common divisor of 5796 and 1863?
207
What is the highest common factor of 78231 and 267?
267
What is the highest common divisor of 40 and 266620?
20
What is the greatest common divisor of 33 and 21549?
33
What is the highest common factor of 1733034 and 6?
6
What is the highest common factor of 6142 and 7252?
74
What is the greatest common divisor of 105 and 3374805?
105
What is the highest common divisor of 6292 and 116?
4
What is the highest common divisor of 4576 and 7568?
176
What is the highest common factor of 310995 and 81?
9
Calculate the greatest common factor of 141578 and 377.
29
What is the highest common divisor of 490 and 890?
10
What is the greatest common factor of 35 and 785265?
5
Calculate the highest common factor of 117972 and 133632.
1044
What is the greatest common factor of 632479 and 799?
47
Calculate the greatest common divisor of 448 and 1512.
56
Calculate the greatest common factor of 99 and 220737.
33
What is the greatest common factor of 1575596 and 572?
44
What is the highest common factor of 1107 and 72?
9
What is the greatest common factor of 660 and 94974?
66
Calculate the greatest common factor of 565 and 924453.
113
Calculate the highest common divisor of 1930007 and 1201.
1201
What is the highest common divisor of 368204 and 16?
4
Calculate the greatest common factor of 180 and 1412740.
20
What is the greatest common factor of 568 and 1536?
8
Calculate the highest common factor of 754 and 2704.
26
What is the greatest common factor of 1108 and 122711?
277
Calculate the highest common divisor of 2891 and 4307.
59
What is the highest common divisor of 408 and 10968?
24
What is the highest common factor of 1952 and 360144?
976
What is the highest common divisor of 293833 and 524?
131
What is the highest common divisor of 2160 and 235710?
270
What is the greatest common factor of 2924 and 119?
17
Calculate the greatest common factor of 43104 and 5837.
449
Calculate the greatest common factor of 153923 and 77.
77
Calculate the highest common divisor of 11604 and 44.
4
Calculate the greatest common divisor of 1256 and 104.
8
What is the highest common factor of 2184 and 551096?
728
What is the greatest common divisor of 6352 and 41568?
16
Calculate the highest common divisor of 6513092 and 244.
244
What is the greatest common factor of 13050 and 25?
25
What is the greatest common factor of 7518 and 16826?
358
Calculate the greatest common factor of 1120 and 35560.
280
What is the highest common divisor of 39096 and 900?
36
What is the highest common divisor of 43908 and 240?
12
What is the highest common divisor of 101074 and 194?
194
What is the highest common factor of 655 and 663515?
655
Calculate the highest common divisor of 477850 and 380.
190
Calculate the highest common factor of 32663 and 11.
1
What is the highest common factor of 608 and 100168?
152
Calculate the highest common divisor of 19328 and 190260.
604
What is the highest common divisor of 158 and 7204642?
158
What is the greatest common divisor of 1034955 and 6867?
981
Calculate the highest common factor of 1647909 and 849.
849
Calculate the highest common factor of 3504 and 336822.
438
What is the greatest common factor of 19627 and 437?
19
What is the highest common divisor of 2534 and 700?
14
What is the greatest common factor of 1491741 and 27?
9
Calculate the greatest common factor of 8741671 and 47.
47
What is the highest common factor of 439004 and 8?
4
What is the highest common divisor of 2023324 and 1077?
359
Calculate the greatest common divisor of 203 and 27937.
7
What is the greatest common factor of 820249 and 437?
437
What is the greatest common factor of 7845 and 2640?
15
What is the highest common divisor of 30595 and 290?
145
Calculate the greatest common factor of 1919 and 76.
19
What is the highest common divisor of 64592 and 1584?
176
Calculate the greatest common factor of 1300 and 2500.
100
What is the highest common factor of 485 and 155?
5
What is the highest common factor of 144940 and 320?
20